 z(0) composite?
False
Let b(l) = -l**2 - 5*l + 6. Let i be b(-6). Let h(r) = 4*r - 2. Let q be h(-3). Is (6 - i)*q/(-4) a composite number?
True
Let b(u) = 308*u + 369. Is b(8) a prime number?
True
Let i = 16 + -25. Let y(b) = b**3 + 13*b**2 + 12*b - 5. Is y(i) a composite number?
False
Suppose -2*l = 3*p - l - 8, -5*l - 28 = -2*p. Let m = 1166 - -999. Suppose 69 = r + 3*n - 451, p*r - 5*n - m = 0. Is r a composite number?
True
Let l(g) = -1661*g**3 + 6*g**2 + 8*g + 7. Is l(-2) a composite number?
True
Suppose 6*m + 5520 + 3564 = 0. Let p = m + 2485. Is p composite?
False
Suppose 2*f + 4*n = -2958, 0 = 2*f + 3*f - 3*n + 7408. Let m = -674 - f. Is m prime?
False
Suppose -7*c + 9*c - 5*k - 2272 = 0, -c + 3*k = -1135. Is c composite?
True
Let f(z) = 81*z - 1. Suppose -6 = -7*o + 4*o. Is f(o) a prime number?
False
Suppose 100625 = 68*n - 178923. Is n a composite number?
False
Suppose -3*i = -t + 28642, -3*i = 2*t - 7*i - 57282. Is t a prime number?
False
Suppose 0 = u + 4*u + 15. Let z be -6*(15/(-6) - u). Is (-2)/z + 53385/45 a prime number?
True
Suppose 0 = 3*d - d - 538. Suppose 272 = t - d. Is t composite?
False
Let y(j) = -j**2 + 2*j - 1. Let s be y(1). Let p be ((-45)/(-6) - s)*46. Let l = p + -200. Is l a composite number?
True
Suppose 0 = -7*s - 334 + 7901. Is s a composite number?
True
Let a be 1*(0/2)/(-3). Let s(g) = g**2 - g + 1141. Is s(a) composite?
True
Let y = -8 - 7. Let a be (-80)/y - 3/9. Suppose a*j - j = 1284. Is j a prime number?
False
Let m = -38 + 137. Suppose -m = -i + 175. Is i prime?
False
Is ((-4 - -237719)/(-5))/(-1) prime?
True
Let s(r) = 77*r**2 - r - 3. Let u be ((-36)/15)/(3/15). Let v be (-8)/(-12)*u/4. Is s(v) composite?
False
Suppose 0 = 5*d - k - 8, d - 10 - 2 = -5*k. Suppose -4*v = -4*w, -w + 4*v = d*w - 1. Is ((-14)/(-28))/(w/(-1502)) composite?
False
Is (-11068)/((-7)/((-35)/(-20))) a prime number?
True
Suppose -5*r + 7*r = 2, l - 67602 = -r. Is l a composite number?
False
Let a be (-11)/(-3) + ((-4)/(-3) - 1). Suppose 0*d + a*d = 664. Is d a prime number?
False
Suppose z + 2*g - 3 = 0, 13 = 3*z - 0*z + 2*g. Suppose -z = -y, 0 = -3*h + 3*y - 8*y + 418. Is h composite?
False
Let h be 2/8 - 98/(-56). Suppose b + h*d - 339 = 0, 5*b - d - 269 = 1415. Is b prime?
True
Suppose -69*c - 76856 + 536603 = 0. Is c prime?
False
Let k = -5 + 14. Suppose 0 = k*g - 8*g - 955. Is g a composite number?
True
Is -2 - (-8 + 2) - -7617 a prime number?
True
Suppose -3*b + 13532 = 4*w, -w - 2*b = 3*w - 13532. Suppose 15*q - w = 922. Is q a prime number?
False
Suppose -5*p = 4*d - 233383, -24*p + 93373 = -22*p - 5*d. Is p prime?
True
Let c be (2/6)/((-2)/6). Is (c + 4678)/3 - -2 prime?
False
Let s = 37 + -35. Suppose 2*v + 0*v = -s*w + 396, 2*v - 411 = w. Is v a prime number?
False
Is -38281*-2*(-6 + (-91)/(-14)) prime?
True
Let a(r) = 57*r + 53. Let s(p) = -58*p - 53. Let l(v) = 2*a(v) + 3*s(v). Is l(-12) a composite number?
True
Let z = 88 + -74. Let t(j) = 2*j**2 - 14*j + 7. Is t(z) prime?
False
Let m(k) = k**3 + 9*k**2 + 7*k - 1. Let c be m(-8). Let b = c + -3. Let q = b - -15. Is q composite?
False
Suppose 0 = -43*t + 139024 + 322065. Is t composite?
False
Suppose -3*w = u - 2*w - 440, 0 = u + 5*w - 444. Let t = u + -60. Is t composite?
False
Let p = 21 - -6. Suppose 2*s - p = -283. Let f = s + 217. Is f composite?
False
Is 2053296/140 - 6/(-10) prime?
False
Let w(q) = -569*q. Let x(b) = -1137*b + 1. Let t(l) = 7*w(l) - 3*x(l). Is t(-4) a prime number?
False
Let x = -1381 + 2166. Is x composite?
True
Suppose -8*c + 255 + 15625 = 0. Is c prime?
False
Let p = 39 - 24. Suppose 3*v = -3*q - p, 3*q - 25 = v + v. Let o(a) = a**3 + 10*a**2 + 6*a - 3. Is o(v) a prime number?
False
Is 2/11 + (-13)/11 + 20204 composite?
True
Suppose 3*l + 18 + 12 = 5*a, -4*l = 5*a - 30. Suppose -3*w = -0*v - 3*v, 5*w - a = 3*v. Suppose -w*n = -8*n + 545. Is n composite?
False
Let h(t) = t - 2. Let s be h(9). Suppose 2*u - 1 = 5*c - s, u + c = 4. Suppose u*d = -2*d + 140. Is d a prime number?
False
Let h = -1324 - -3453. Is h a prime number?
True
Let q be (-5 + 6)/(2/(-2)). Let j be 3/((-6)/4*q). Is (-4)/(-2) - (j + -235) prime?
False
Let l(d) = 6 + 7*d - 6*d + 6*d**2 - 3. Let z be l(-8). Suppose 5*c - 2016 = z. Is c a prime number?
True
Suppose -5*k = -0 - 5. Is k - (-2 - -2 - 13) composite?
True
Suppose 3 - 19 = -2*z. Is 1422/z + (-2)/(-8) composite?
True
Suppose 11*u - 35513 - 24998 = 0. Is u composite?
False
Let z(n) = 71*n + 1. Let x be z(9). Suppose 0*y = 4*c + 4*y - x, -644 = -4*c - 2*y. Suppose 2*u - c = -2*d, -6*u + u = 2*d - 156. Is d prime?
True
Let n(b) = b**3 + 2. Let v be n(2). Let g(d) = 2*d + 14. Is g(v) a prime number?
False
Suppose 0 = 2*r + 3*r + x - 3, -4*x + 12 = 3*r. Let l be 1 + 0 + (r - -14). Is 2181/l + (-6)/15 composite?
True
Let k(v) = 282*v + 9. Let z(p) = 141*p + 4. Let n(l) = 3*k(l) - 7*z(l). Let b be n(-2). Suppose -3*r - b = t - 2*t, 0 = 5*t + 2*r - 1473. Is t composite?
False
Suppose -2*p - 20 = -7*p. Suppose 0 = -4*v + p, y - 240 = 5*v + 6. Is y a prime number?
True
Suppose 4*s - 8 = 12. Suppose 20 = 4*l + 5*w, -s*l = -5*w - 21 - 49. Let t = 43 + l. Is t a composite number?
False
Suppose -5*w - 83 = -s + 1148, 5*w - 2492 = -2*s. Let k = s + -798. Is k prime?
True
Is -3*7/(42/(-2554)) prime?
True
Let l(y) = 26*y**2 - 90*y - 25. Is l(24) prime?
True
Let n = -2 + 5. Suppose -n*g = -0*g - 129. Let z = g - -90. Is z composite?
True
Let a = -49 - -52. Suppose 1219 = a*h + 4*k, k + 2*k = 2*h - 824. Is h prime?
True
Suppose 0 = 10*i - 6*i + 16, -2*o + 42 = -2*i. Suppose 18*u = o*u + 3223. Is u a prime number?
False
Suppose 6 = -b + 3, -3*b = -j + 876. Suppose 0 = -0*h - 4*h - 24. Is (-2)/(h/j) - 2 a prime number?
False
Let s(n) be the third derivative of n**5/20 + n**3/6 - 5*n**2. Let m be s(-1). Suppose 0 = -x - m*h - h + 146, -4*h = -3*x + 419. Is x a composite number?
True
Suppose -43*t + 911248 = -160957. Is t a prime number?
False
Is (6 - -45391)/((3 - 2)*1) composite?
True
Let r be 100/8 - (-2 - (-21)/6). Let d(m) = 3*m**2 + 3*m - 17. Is d(r) composite?
False
Let m(r) = 950*r. Let d be m(3). Let u = 4196 - d. Is u composite?
True
Suppose -3*x - y + 20 = 0, 2*y - 6 = 4. Suppose t = -x*u + 25, -4*u + 36 = -0*t + 4*t. Suppose u*v - 56 = 260. Is v composite?
False
Let f = -2340 - -9499. Is f a composite number?
False
Is 7/14*6614 + (2 - 0) composite?
True
Let w = -1693 + 652. Let g = w + 1790. Is g prime?
False
Suppose -7 - 2 = -5*h + 3*t, 9 = 3*h - 3*t. Suppose h = -4*j + j. Is 21*(1 + j + 0) a composite number?
True
Suppose -3*u = -0*u - 9. Suppose -5*h = -2*l - 5, -2*h + 5*h - u = 4*l. Suppose -4*f - 386 + 1326 = l. Is f prime?
False
Is 4090 + 2 + (2 - 3) prime?
True
Let z be (-5)/(-10)*852*(-2)/(-4). Let k = z + 446. Is k a composite number?
False
Let s = -876 - -1963. Suppose 5*d - s = b + 1044, 2147 = 5*d + 3*b. Is d composite?
True
Let u(z) = 23*z**3 + 2*z**2 - z - 4. Suppose 2*l = 4*h - 8 - 2, h + l = 4. Let k be u(h). Suppose -4*v + k = -420. Is v a prime number?
True
Is (-8)/10*(214868/(-16) - 12) a prime number?
True
Let n = -602 - -1908. Let z = 2127 - n. Is z a prime number?
True
Suppose -5*m - 10838 = -3*l - 2356, 4*l - 11291 = 3*m. Is l a composite number?
False
Suppose 0 = -44*l + 13*l + 81778. Is l a composite number?
True
Let b(x) = -x**2 - 7*x - 7. Let v be b(-6). Is (1594/2)/(2 + v) a prime number?
True
Suppose -192660 = 7*u + 63295. Is 6/36 + u/(-30) a composite number?
True
Let b(x) = -7*x + 17. Let p be b(3). Is (-202)/(p + 2)*3 prime?
False
Let p be 14/(-6)*-2*15/(-10). Let g be ((-6)/8)/((-2)/(-8)). Is (p/g)/(1/141) prime?
False
Let z(f) = -9*f - 25*f - 21*f - 7 - 15. Let r(v) = -37*v - 15. Let m(l) = -8*r(l) + 5*z(l). Is m(5) a composite number?
True
Is 4 + 6039 + -7 - (4 + 1) composite?
True
Let t = -5 - -3. Let f(p) = 494*p**2 - p + 1. Is f(t) composite?
False
Suppose 3*l + 9 = -p, 0*p = -5*l - 2*p - 16. Let j be -1*(-1)/1 + 2. Is j*l/(-18)*33 composite?
False
Is (-4102)/(-6) - -1 - (-1)/3 a prime number?
False
Let n(r) be the second derivative of 13*r**5/20 - r**4/12 - 5*r**3/6 + 2*r**2 - r. Suppose -15 = -2*k - 3*q, 4*q = 2*k + 2*q. Is n(k) a prime number?
True
Let f(w) = w**3 + 26*w**2 - 28*w - 11. Let n be f(-26). Suppose 0 = -j - 0*j - 5*o + 126, 0 = -5*j + 4*o + n. Is j prime?
False
Let 